
Calculate the remainder when 5825 is divided by 1454.
9
What is the remainder when 5050 is divided by 241?
230
Calculate the remainder when 1934 is divided by 859.
216
Calculate the remainder when 9570 is divided by 4761.
48
What is the remainder when 235795 is divided by 1310?
1305
What is the remainder when 83 is divided by 58?
25
What is the remainder when 3396 is divided by 3371?
25
What is the remainder when 29267 is divided by 972?
107
Calculate the remainder when 16331 is divided by 33.
29
Calculate the remainder when 89922 is divided by 25.
22
What is the remainder when 228955 is divided by 55?
45
Calculate the remainder when 32387 is divided by 558.
23
Calculate the remainder when 4220 is divided by 1160.
740
What is the remainder when 133398 is divided by 205?
148
Calculate the remainder when 3219 is divided by 1591.
37
Calculate the remainder when 723287 is divided by 49.
47
Calculate the remainder when 4922 is divided by 1205.
102
Calculate the remainder when 1872 is divided by 937.
935
Calculate the remainder when 1322 is divided by 110.
2
What is the remainder when 10492 is divided by 5185?
122
What is the remainder when 1762742 is divided by 22?
14
What is the remainder when 2442 is divided by 423?
327
Calculate the remainder when 16671 is divided by 16461.
210
Calculate the remainder when 1153 is divided by 62.
37
What is the remainder when 316446 is divided by 319?
317
What is the remainder when 1573069 is divided by 24?
13
What is the remainder when 35913 is divided by 82?
79
Calculate the remainder when 42016 is divided by 211.
27
What is the remainder when 6836 is divided by 79?
42
Calculate the remainder when 10520 is divided by 536.
336
What is the remainder when 203871 is divided by 875?
871
Calculate the remainder when 26991 is divided by 600.
591
What is the remainder when 6781 is divided by 323?
321
Calculate the remainder when 10968 is divided by 79.
66
Calculate the remainder when 7088966 is divided by 2612.
2610
What is the remainder when 25322 is divided by 113?
10
What is the remainder when 2242 is divided by 2222?
20
What is the remainder when 83279 is divided by 20818?
7
What is the remainder when 96635 is divided by 96633?
2
What is the remainder when 7882 is divided by 1970?
2
What is the remainder when 1167818 is divided by 115?
108
What is the remainder when 13503 is divided by 540?
3
What is the remainder when 6554 is divided by 34?
26
Calculate the remainder when 20307 is divided by 616.
595
Calculate the remainder when 1483438 is divided by 280.
278
What is the remainder when 514813 is divided by 46?
27
What is the remainder when 19867 is divided by 2?
1
What is the remainder when 108810 is divided by 7770?
30
What is the remainder when 1341030 is divided by 88?
86
Calculate the remainder when 66711 is divided by 62.
61
What is the remainder when 115433 is divided by 12824?
17
What is the remainder when 5009 is divided by 1066?
745
Calculate the remainder when 1784 is divided by 461.
401
Calculate the remainder when 2716738 is divided by 27.
25
Calculate the remainder when 4035 is divided by 3996.
39
What is the remainder when 114221 is divided by 4079?
9
Calculate the remainder when 15019448 is divided by 51.
50
What is the remainder when 3733 is divided by 121?
103
Calculate the remainder when 3038 is divided by 475.
188
Calculate the remainder when 32450 is divided by 10788.
86
What is the remainder when 120194 is divided by 45?
44
Calculate the remainder when 946 is divided by 298.
52
Calculate the remainder when 47007 is divided by 15667.
6
What is the remainder when 89403 is divided by 704?
699
Calculate the remainder when 56671 is divided by 161.
160
Calculate the remainder when 12586 is divided by 3070.
306
Calculate the remainder when 6613 is divided by 52.
9
What is the remainder when 73734 is divided by 1842?
54
Calculate the remainder when 2128 is divided by 199.
138
What is the remainder when 3321 is divided by 110?
21
What is the remainder when 1840 is divided by 377?
332
Calculate the remainder when 101881 is divided by 4.
1
What is the remainder when 40898 is divided by 42?
32
What is the remainder when 196921 is divided by 28?
25
What is the remainder when 43298 is divided by 7?
3
What is the remainder when 23463 is divided by 48?
39
What is the remainder when 1043668 is divided by 23?
20
Calculate the remainder when 110357 is divided by 178.
175
What is the remainder when 792 is divided by 114?
108
Calculate the remainder when 2240 is divided by 28.
0
Calculate the remainder when 56186 is divided by 34.
18
What is the remainder when 8926 is divided by 235?
231
What is the remainder when 44108 is divided by 260?
168
Calculate the remainder when 51944 is divided by 38.
36
Calculate the remainder when 80406 is divided by 46.
44
What is the remainder when 4432730 is divided by 239?
236
What is the remainder when 1285560 is divided by 806?
796
Calculate the remainder when 128870 is divided by 486.
80
Calculate the remainder when 5514 is divided by 5478.
36
What is the remainder when 14849 is divided by 1346?
43
What is the remainder when 417 is divided by 34?
9
Calculate the remainder when 1080 is divided by 390.
300
Calculate the remainder when 13885 is divided by 1.
0
Calculate the remainder when 42664 is divided by 81.
58
What is the remainder when 4783 is divided by 440?
383
Calculate the remainder when 19522 is divided by 10.
2
What is the remainder when 3606 is divided by 32?
22
What is the remainder when 136513 is divided by 7?
6
Calculate the remainder when 355637 is divided by 317.
280
What is the remainder when 25374 is divided by 45?
39
What is the remainder when 2176 is divided by 695?
91
Calculate the remainder when 1934 is divided by 159.
26
What is the remainder when 4918 is divided by 49?
18
Calculate the remainder when 18722 is divided by 567.
11
Calculate the remainder when 23656 is divided by 249.
1
What is the remainder when 1375 is divided by 334?
39
What is the remainder when 161535 is divided by 78?
75
Calculate the remainder when 19830 is divided by 19822.
8
What is the remainder when 310691 is divided by 65?
56
What is the remainder when 5367 is divided by 112?
103
Calculate the remainder when 51127 is divided by 12.
7
What is the remainder when 839673 is divided by 167?
164
What is the remainder when 282133 is divided by 1820?
33
What is the remainder when 82947 is divided by 1405?
52
What is the remainder when 281 is divided by 266?
15
Calculate the remainder when 621 is divided by 39.
36
What is the remainder when 7919 is divided by 375?
44
What is the remainder when 424 is divided by 166?
92
What is the remainder when 17383 is divided by 426?
343
What is the remainder when 24693 is divided by 3?
0
Calculate the remainder when 252742 is divided by 63179.
26
What is the remainder when 1691 is divided by 192?
155
What is the remainder when 17185 is divided by 1139?
100
Calculate the remainder when 62566 is divided by 782.
6
What is the remainder when 176215 is divided by 193?
6
Calculate the remainder when 44722 is divided by 158.
8
Calculate the remainder when 2737070 is divided by 208.
206
Calculate the remainder when 7360 is divided by 25.
10
What is the remainder when 243153 is divided by 276?
273
What is the remainder when 389 is divided by 220?
169
What is the remainder when 9120 is divided by 507?
501
What is the remainder when 4706 is divided by 2295?
116
What is the remainder when 45166 is divided by 1412?
1394
What is the remainder when 521984 is divided by 255?
254
What is the remainder when 536 is divided by 36?
32
What is the remainder when 29114 is divided by 675?
89
Calculate the remainder when 260634 is divided by 222.
6
What is the remainder when 113326 is divided by 7554?
16
What is the remainder when 463 is divided by 186?
91
Calculate the remainder when 10282 is divided by 56.
34
What is the remainder when 4504875 is divided by 14?
11
Calculate the remainder when 10827 is divided by 78.
63
Calculate the remainder when 920 is divided by 119.
87
What is the remainder when 24863 is divided by 2759?
32
What is the remainder when 32567 is divided by 77?
73
What is the remainder when 10636 is divided by 530?
36
What is the remainder when 390 is d